{"id":2,"date":"2012-10-04T09:48:26","date_gmt":"2012-10-04T09:48:26","guid":{"rendered":"http:\/\/www.plataformasgutierrez.es\/blog_mudanzas_valencia\/?page_id=2"},"modified":"2012-10-10T11:51:29","modified_gmt":"2012-10-10T10:51:29","slug":"opiniones","status":"publish","type":"page","link":"http:\/\/www.plataformasgutierrez.es\/blog_mudanzas_valencia\/opiniones\/","title":{"rendered":"Opiniones"},"content":{"rendered":"<p><strong>Valora los servicios de Plataformas Guti\u00e9rrez.<\/strong><\/p>\n<p>Tu opini\u00f3n es importante, por eso, si ya has trabajado con nosotros, opina libremente. Nos gustar\u00eda saber tu opini\u00f3n sobre nuestros servicios. Gracias!!<\/p>\n<p>Opina y deja tu comentario, tambi\u00e9n puedes puntuarnos a modo de valoraci\u00f3n.<\/p>\n","protected":false},"excerpt":{"rendered":"<p>Valora los servicios de Plataformas Guti\u00e9rrez. Tu opini\u00f3n es importante, por eso, si ya has trabajado con nosotros, opina libremente. Nos gustar\u00eda saber tu opini\u00f3n sobre nuestros servicios. Gracias!! Opina y deja tu comentario, tambi\u00e9n puedes puntuarnos a modo de&#8230; <a class=\"more-link\" href=\"http:\/\/www.plataformasgutierrez.es\/blog_mudanzas_valencia\/opiniones\/\">Seguir leyendo &rarr;<\/a><\/p>\n","protected":false},"author":1,"featured_media":0,"parent":0,"menu_order":0,"comment_status":"open","ping_status":"open","template":"","meta":[],"_links":{"self":[{"href":"http:\/\/www.plataformasgutierrez.es\/blog_mudanzas_valencia\/wp-json\/wp\/v2\/pages\/2"}],"collection":[{"href":"http:\/\/www.plataformasgutierrez.es\/blog_mudanzas_valencia\/wp-json\/wp\/v2\/pages"}],"about":[{"href":"http:\/\/www.plataformasgutierrez.es\/blog_mudanzas_valencia\/wp-json\/wp\/v2\/types\/page"}],"author":[{"embeddable":true,"href":"http:\/\/www.plataformasgutierrez.es\/blog_mudanzas_valencia\/wp-json\/wp\/v2\/users\/1"}],"replies":[{"embeddable":true,"href":"http:\/\/www.plataformasgutierrez.es\/blog_mudanzas_valencia\/wp-json\/wp\/v2\/comments?post=2"}],"version-history":[{"count":5,"href":"http:\/\/www.plataformasgutierrez.es\/blog_mudanzas_valencia\/wp-json\/wp\/v2\/pages\/2\/revisions"}],"predecessor-version":[{"id":44,"href":"http:\/\/www.plataformasgutierrez.es\/blog_mudanzas_valencia\/wp-json\/wp\/v2\/pages\/2\/revisions\/44"}],"wp:attachment":[{"href":"http:\/\/www.plataformasgutierrez.es\/blog_mudanzas_valencia\/wp-json\/wp\/v2\/media?parent=2"}],"curies":[{"name":"wp","href":"https:\/\/api.w.org\/{rel}","templated":true}]}}